{"id":13503,"date":"2025-09-28T18:25:44","date_gmt":"2025-09-28T16:25:44","guid":{"rendered":"https:\/\/grafibulle.net\/happy-graphics\/?page_id=13503"},"modified":"2026-04-12T17:06:33","modified_gmt":"2026-04-12T15:06:33","slug":"ventes-privees-hop","status":"publish","type":"page","link":"https:\/\/grafibulle.net\/happy-graphics\/ventes-privees-hop\/","title":{"rendered":"Commandes Directes \u2013 Grafibulle HOP!"},"content":{"rendered":"\n<h4>\u00a0<\/h4>\n<h4>Commandes Directes \u2013 Grafibulle HOP!<\/h4>\n<p style=\"text-align: justify;\"><strong>Voici un petit formulaire tout simple \u00e0 remplir pour prendre contact avec moi directement<\/strong> (il m&#8217;envoie par mail toute votre commande), et choisir votre mode de livraison. Initialement pr\u00e9vu pour mes proches, vous pouvez n\u00e9anmoins l&#8217;utiliser si vous n&#8217;aimez pas payer vos commandes sur les boutiques en ligne comme la mienne. Il vous demandera n\u00e9anmoins l&#8217;effort de saisir ici les articles choisis en les ayant pr\u00e9alablement visit\u00e9s dans ma boutique.<\/p>\n<p style=\"text-align: justify;\">Mes codes de r\u00e9duction ne peuvent fonctionner dans ce format de commande, mais pourrez ainsi en toute confiance cr\u00e9er un lien directement avec moi. <strong>Nos \u00e9changes se poursuivront par mail ou par t\u00e9l\u00e9phone.\u00a0<\/strong><\/p>\n<p style=\"text-align: left;\"><a href=\"https:\/\/i0.wp.com\/grafibulle.net\/happy-graphics\/wp-content\/uploads\/2016\/05\/SiGN-peyrine.png?ssl=1\"><img data-recalc-dims=\"1\" loading=\"lazy\" decoding=\"async\" data-attachment-id=\"449\" data-permalink=\"https:\/\/grafibulle.net\/happy-graphics\/?attachment_id=449\" data-orig-file=\"https:\/\/i0.wp.com\/grafibulle.net\/happy-graphics\/wp-content\/uploads\/2016\/05\/SiGN-peyrine.png?fit=150%2C84&amp;ssl=1\" data-orig-size=\"150,84\" data-comments-opened=\"1\" data-image-meta=\"{&quot;aperture&quot;:&quot;0&quot;,&quot;credit&quot;:&quot;&quot;,&quot;camera&quot;:&quot;&quot;,&quot;caption&quot;:&quot;&quot;,&quot;created_timestamp&quot;:&quot;0&quot;,&quot;copyright&quot;:&quot;&quot;,&quot;focal_length&quot;:&quot;0&quot;,&quot;iso&quot;:&quot;0&quot;,&quot;shutter_speed&quot;:&quot;0&quot;,&quot;title&quot;:&quot;&quot;,&quot;orientation&quot;:&quot;0&quot;}\" data-image-title=\"SiGN-peyrine\" data-image-description=\"\" data-image-caption=\"\" data-large-file=\"https:\/\/i0.wp.com\/grafibulle.net\/happy-graphics\/wp-content\/uploads\/2016\/05\/SiGN-peyrine.png?fit=150%2C84&amp;ssl=1\" class=\"size-full wp-image-449\" src=\"https:\/\/i0.wp.com\/grafibulle.net\/happy-graphics\/wp-content\/uploads\/2016\/05\/SiGN-peyrine.png?resize=150%2C84&#038;ssl=1\" alt=\"\" width=\"150\" height=\"84\" \/><\/a><\/p>\n\n\n\n<p><strong>Astuce<\/strong> : pour ajouter des articles diff\u00e9rents \u00e0 votre commande &gt; cliquez \u00e0 droite de la ligne n\u00b01 sur le <strong>+<\/strong><\/p>\n\n\n\n<hr class=\"wp-block-separator has-alpha-channel-opacity\"\/>\n\n\n<div class=\"wpforms-container wpforms-container-full wpforms-block wpforms-block-538803cf-8893-478c-ba56-ff44c7f3b061\" id=\"wpforms-13498\"><form id=\"wpforms-form-13498\" class=\"wpforms-validate wpforms-form wpforms-ajax-form\" data-formid=\"13498\" method=\"post\" enctype=\"multipart\/form-data\" action=\"\/happy-graphics\/wp-json\/wp\/v2\/pages\/13503\" data-token=\"974b3d50225d8af53799684b8c39acef\" data-token-time=\"1776595972\"><noscript class=\"wpforms-error-noscript\">Veuillez activer JavaScript dans votre navigateur pour remplir ce formulaire.<\/noscript><div class=\"wpforms-field-container\"><div id=\"wpforms-13498-field_1-container\" class=\"wpforms-field wpforms-field-name\" data-field-id=\"1\"><label class=\"wpforms-field-label\">Nom <span class=\"wpforms-required-label\">*<\/span><\/label><div class=\"wpforms-field-row wpforms-field-medium\"><div class=\"wpforms-field-row-block wpforms-first wpforms-one-half\"><input type=\"text\" id=\"wpforms-13498-field_1\" class=\"wpforms-field-name-first wpforms-field-required\" name=\"wpforms[fields][1][first]\" required><label for=\"wpforms-13498-field_1\" class=\"wpforms-field-sublabel after\">Pr\u00e9nom<\/label><\/div><div class=\"wpforms-field-row-block wpforms-one-half\"><input type=\"text\" id=\"wpforms-13498-field_1-last\" class=\"wpforms-field-name-last wpforms-field-required\" name=\"wpforms[fields][1][last]\" required><label for=\"wpforms-13498-field_1-last\" class=\"wpforms-field-sublabel after\">Nom<\/label><\/div><\/div><\/div><div id=\"wpforms-13498-field_4-container\" class=\"wpforms-field wpforms-field-email\" data-field-id=\"4\"><label class=\"wpforms-field-label\" for=\"wpforms-13498-field_4\">E-mail pour vous contacter <span class=\"wpforms-required-label\">*<\/span><\/label><input type=\"email\" id=\"wpforms-13498-field_4\" class=\"wpforms-field-medium wpforms-field-required\" name=\"wpforms[fields][4]\" spellcheck=\"false\" required><\/div><div id=\"wpforms-13498-field_16-container\" class=\"wpforms-field wpforms-field-phone\" data-field-id=\"16\"><label class=\"wpforms-field-label\" for=\"wpforms-13498-field_16\">T\u00e9l\u00e9phone<\/label><input type=\"tel\" id=\"wpforms-13498-field_16\" class=\"wpforms-field-small\" data-rule-int-phone-field=\"true\" name=\"wpforms[fields][16]\" aria-label=\"T\u00e9l\u00e9phone\" ><\/div><div id=\"wpforms-13498-field_13-container\" class=\"wpforms-field wpforms-field-repeater wpforms-field-repeater-display-rows\" data-rows-min=\"1\" data-rows-max=\"10\" data-clone-num=\"2\" data-field-id=\"13\"><h3 class=\"wpforms-field-label\">\n\t\t\t\tNotez ici les produits qui vous int\u00e9ressent\n\t\t\t<\/h3><div class=\"wpforms-field-description\">Clic sur le + (\u00e0 droite) pour ajouter un produit<\/div><input type=\"hidden\" class=\"wpforms-field-repeater-clone-list\" name=\"wpforms[fields][13][clone_list]\" value=\"[]\"><script type=\"text\/html\" class=\"tmpl-wpforms-field-repeater-template-13-13498\"><div id=\"wpforms-13498-repeater-field_13-clone_{CLONE}\" class=\"wpforms-field-repeater-clone-wrap\" data-clone=\"{CLONE}\">\n\t\t\t\t<div class=\"wpforms-field-layout-rows wpforms-field-medium wpforms-field-repeater-display-rows wpforms-field-repeater-preset-67-33\"><div class=\"wpforms-layout-row\"><div class=\"wpforms-layout-column wpforms-layout-column-67\"><div id=\"wpforms-13498-field_8_{CLONE}-container\" class=\"wpforms-field wpforms-field-text\" data-field-id=\"8_{CLONE}\"><label class=\"wpforms-field-label\" for=\"wpforms-13498-field_8_{CLONE}\">Quel(s) produit(s) vous int\u00e9resse ? <span class=\"wpforms-required-label\">*<\/span><\/label><input type=\"text\" id=\"wpforms-13498-field_8_{CLONE}\" class=\"wpforms-field-medium wpforms-field-required\" name=\"wpforms[fields][8_{CLONE}]\" required><\/div><\/div><div class=\"wpforms-layout-column wpforms-layout-column-33\"><div id=\"wpforms-13498-field_3_{CLONE}-container\" class=\"wpforms-field wpforms-field-number\" data-field-id=\"3_{CLONE}\"><label class=\"wpforms-field-label\" for=\"wpforms-13498-field_3_{CLONE}\">Combien d&#039;exemplaires ? <span class=\"wpforms-required-label\">*<\/span><\/label><input type=\"number\" id=\"wpforms-13498-field_3_{CLONE}\" class=\"wpforms-field-medium wpforms-field-required\" name=\"wpforms[fields][3_{CLONE}]\" min=\"1\" max=\"8\" step=\"any\" required><\/div><\/div><div class=\"wpforms-field-repeater-display-rows-buttons\">\n\t\t\t\t<button type=\"button\" class=\"wpforms-field-repeater-button-add\" title=\"Ajouter\">\n\t\t\t\t\t<svg width=\"16\" height=\"17\" fill=\"none\" xmlns=\"http:\/\/www.w3.org\/2000\/svg\"><path d=\"M12.129 7.984v1.032a.392.392 0 0 1-.387.387H8.903v2.839a.392.392 0 0 1-.387.387H7.484a.373.373 0 0 1-.387-.387V9.403H4.258a.373.373 0 0 1-.387-.387V7.984c0-.194.161-.387.387-.387h2.839V4.758c0-.193.161-.387.387-.387h1.032c.194 0 .387.194.387.387v2.839h2.839c.193 0 .387.193.387.387ZM16 8.5c0 4.42-3.58 8-8 8s-8-3.58-8-8 3.58-8 8-8 8 3.58 8 8Zm-1.548 0c0-3.548-2.904-6.452-6.452-6.452A6.45 6.45 0 0 0 1.548 8.5 6.43 6.43 0 0 0 8 14.952 6.45 6.45 0 0 0 14.452 8.5Z\" fill=\"currentColor\"\/><\/svg>\n\t\t\t\t<\/button>\n\t\t\t\t<button type=\"button\" class=\"wpforms-field-repeater-button-remove wpforms-disabled\" title=\"Retirer\">\n\t\t\t\t\t<svg width=\"16\" height=\"17\" fill=\"none\" xmlns=\"http:\/\/www.w3.org\/2000\/svg\"><path d=\"M4.258 9.403a.373.373 0 0 1-.387-.387V7.984c0-.194.161-.387.387-.387h7.484c.193 0 .387.193.387.387v1.032a.392.392 0 0 1-.387.387H4.258ZM16 8.5c0 4.42-3.58 8-8 8s-8-3.58-8-8 3.58-8 8-8 8 3.58 8 8Zm-1.548 0c0-3.548-2.904-6.452-6.452-6.452A6.45 6.45 0 0 0 1.548 8.5 6.43 6.43 0 0 0 8 14.952 6.45 6.45 0 0 0 14.452 8.5Z\" fill=\"currentColor\"\/><\/svg>\n\t\t\t\t<\/button>\n\t\t\t<\/div><\/div><\/div>\n\t\t\t<\/div><\/script><div class=\"wpforms-field-layout-rows wpforms-field-medium wpforms-field-repeater-display-rows wpforms-field-repeater-preset-67-33\"><div class=\"wpforms-layout-row\"><div class=\"wpforms-layout-column wpforms-layout-column-67\"><div id=\"wpforms-13498-field_8-container\" class=\"wpforms-field wpforms-field-text\" data-field-id=\"8\"><label class=\"wpforms-field-label\" for=\"wpforms-13498-field_8\">Quel(s) produit(s) vous int\u00e9resse ? <span class=\"wpforms-required-label\">*<\/span><\/label><input type=\"text\" id=\"wpforms-13498-field_8\" class=\"wpforms-field-medium wpforms-field-required\" name=\"wpforms[fields][8]\" required><\/div><\/div><div class=\"wpforms-layout-column wpforms-layout-column-33\"><div id=\"wpforms-13498-field_3-container\" class=\"wpforms-field wpforms-field-number\" data-field-id=\"3\"><label class=\"wpforms-field-label\" for=\"wpforms-13498-field_3\">Combien d&#039;exemplaires ? <span class=\"wpforms-required-label\">*<\/span><\/label><input type=\"number\" id=\"wpforms-13498-field_3\" class=\"wpforms-field-medium wpforms-field-required\" name=\"wpforms[fields][3]\" value=\"1\" min=\"1\" max=\"8\" step=\"any\" required><\/div><\/div><div class=\"wpforms-field-repeater-display-rows-buttons\">\n\t\t\t\t<button type=\"button\" class=\"wpforms-field-repeater-button-add\" title=\"Ajouter\">\n\t\t\t\t\t<svg width=\"16\" height=\"17\" fill=\"none\" xmlns=\"http:\/\/www.w3.org\/2000\/svg\"><path d=\"M12.129 7.984v1.032a.392.392 0 0 1-.387.387H8.903v2.839a.392.392 0 0 1-.387.387H7.484a.373.373 0 0 1-.387-.387V9.403H4.258a.373.373 0 0 1-.387-.387V7.984c0-.194.161-.387.387-.387h2.839V4.758c0-.193.161-.387.387-.387h1.032c.194 0 .387.194.387.387v2.839h2.839c.193 0 .387.193.387.387ZM16 8.5c0 4.42-3.58 8-8 8s-8-3.58-8-8 3.58-8 8-8 8 3.58 8 8Zm-1.548 0c0-3.548-2.904-6.452-6.452-6.452A6.45 6.45 0 0 0 1.548 8.5 6.43 6.43 0 0 0 8 14.952 6.45 6.45 0 0 0 14.452 8.5Z\" fill=\"currentColor\"\/><\/svg>\n\t\t\t\t<\/button>\n\t\t\t\t<button type=\"button\" class=\"wpforms-field-repeater-button-remove wpforms-disabled\" title=\"Retirer\">\n\t\t\t\t\t<svg width=\"16\" height=\"17\" fill=\"none\" xmlns=\"http:\/\/www.w3.org\/2000\/svg\"><path d=\"M4.258 9.403a.373.373 0 0 1-.387-.387V7.984c0-.194.161-.387.387-.387h7.484c.193 0 .387.193.387.387v1.032a.392.392 0 0 1-.387.387H4.258ZM16 8.5c0 4.42-3.58 8-8 8s-8-3.58-8-8 3.58-8 8-8 8 3.58 8 8Zm-1.548 0c0-3.548-2.904-6.452-6.452-6.452A6.45 6.45 0 0 0 1.548 8.5 6.43 6.43 0 0 0 8 14.952 6.45 6.45 0 0 0 14.452 8.5Z\" fill=\"currentColor\"\/><\/svg>\n\t\t\t\t<\/button>\n\t\t\t<\/div><\/div><\/div><\/div><div id=\"wpforms-13498-field_5-container\" class=\"wpforms-field wpforms-field-radio wpforms-list-3-columns\" data-field-id=\"5\"><label class=\"wpforms-field-label\">Livraison <span class=\"wpforms-required-label\">*<\/span><\/label><ul id=\"wpforms-13498-field_5\" class=\"wpforms-field-required\"><li class=\"choice-1 depth-1\"><input type=\"radio\" id=\"wpforms-13498-field_5_1\" name=\"wpforms[fields][5]\" value=\"Attendre qu&#039;on se voit (r\u00e9unions - salons)\" required ><label class=\"wpforms-field-label-inline\" for=\"wpforms-13498-field_5_1\">Attendre qu&#8217;on se voit (r\u00e9unions &#8211; salons)<\/label><\/li><li class=\"choice-2 depth-1\"><input type=\"radio\" id=\"wpforms-13498-field_5_2\" name=\"wpforms[fields][5]\" value=\"Etre livr\u00e9(e) chez moi (postal)\" required ><label class=\"wpforms-field-label-inline\" for=\"wpforms-13498-field_5_2\">Etre livr\u00e9(e) chez moi (postal)<\/label><\/li><li class=\"choice-3 depth-1\"><input type=\"radio\" id=\"wpforms-13498-field_5_3\" name=\"wpforms[fields][5]\" value=\"Etre livr\u00e9(e) \u00e0 proximit\u00e9 (rdv)\" required ><label class=\"wpforms-field-label-inline\" for=\"wpforms-13498-field_5_3\">Etre livr\u00e9(e) \u00e0 proximit\u00e9 (rdv)<\/label><\/li><\/ul><div class=\"wpforms-field-description\">Proximit\u00e9 = autour de Villefranche de Rouergue \/ Rodez (Aveyron) &#8211; \u00e0 d\u00e9finir ensemble apr\u00e8s validation du stock.<\/div><\/div><div id=\"wpforms-13498-field_6-container\" class=\"wpforms-field wpforms-field-textarea\" data-field-id=\"6\"><label class=\"wpforms-field-label\" for=\"wpforms-13498-field_6\">Votre adresse de livraison (si envoi postal)<\/label><textarea id=\"wpforms-13498-field_6\" class=\"wpforms-field-medium\" name=\"wpforms[fields][6]\" ><\/textarea><div class=\"wpforms-field-description\">Frais de ports d\u00e9finitifs calcul\u00e9s par retour de mail &#8211; compter env. 5\u20ac par exemplaire pour un livre\/carnet.<\/div><\/div>\t\t<div id=\"wpforms-13498-field_2-container\"\n\t\t\tclass=\"wpforms-field wpforms-field-text\"\n\t\t\tdata-field-type=\"text\"\n\t\t\tdata-field-id=\"2\"\n\t\t\t>\n\t\t\t<label class=\"wpforms-field-label\" for=\"wpforms-13498-field_2\" >de message envoi<\/label>\n\t\t\t<input type=\"text\" id=\"wpforms-13498-field_2\" class=\"wpforms-field-medium\" name=\"wpforms[fields][2]\" >\n\t\t<\/div>\n\t\t<div id=\"wpforms-13498-field_7-container\" class=\"wpforms-field wpforms-field-radio wpforms-list-2-columns\" data-field-id=\"7\"><label class=\"wpforms-field-label\">Quel type de paiement pr\u00e9f\u00e9rez-vous ? <span class=\"wpforms-required-label\">*<\/span><\/label><ul id=\"wpforms-13498-field_7\" class=\"wpforms-field-required\"><li class=\"choice-1 depth-1\"><input type=\"radio\" id=\"wpforms-13498-field_7_1\" name=\"wpforms[fields][7]\" value=\"Carte bancaire\" required ><label class=\"wpforms-field-label-inline\" for=\"wpforms-13498-field_7_1\">Carte bancaire<\/label><\/li><li class=\"choice-3 depth-1\"><input type=\"radio\" id=\"wpforms-13498-field_7_3\" name=\"wpforms[fields][7]\" value=\"Virement bancaire\" required ><label class=\"wpforms-field-label-inline\" for=\"wpforms-13498-field_7_3\">Virement bancaire<\/label><\/li><li class=\"choice-4 depth-1\"><input type=\"radio\" id=\"wpforms-13498-field_7_4\" name=\"wpforms[fields][7]\" value=\"Virement Wero\" required ><label class=\"wpforms-field-label-inline\" for=\"wpforms-13498-field_7_4\">Virement Wero<\/label><\/li><li class=\"choice-5 depth-1\"><input type=\"radio\" id=\"wpforms-13498-field_7_5\" name=\"wpforms[fields][7]\" value=\"Paypal\" required ><label class=\"wpforms-field-label-inline\" for=\"wpforms-13498-field_7_5\">Paypal<\/label><\/li><li class=\"choice-6 depth-1 wpforms-other-choice\"><input type=\"radio\" id=\"wpforms-13498-field_7_6\" data-other-choice=\"true\" name=\"wpforms[fields][7]\" value=\"Autre\" required ><label class=\"wpforms-field-label-inline\" for=\"wpforms-13498-field_7_6\">Autre<\/label><\/li><\/ul><input type=\"text\" id=\"wpforms-13498-field_7_other\" class=\"wpforms-other-input wpforms-field-required wpforms-field-medium wpforms-hidden\" name=\"wpforms[fields][7][other]\" disabled=\"disabled\" required><div class=\"wpforms-field-description\">Les paiement seront demand\u00e9s apr\u00e8s v\u00e9rification de l&#8217;\u00e9tat de stock, et suite \u00e0 mon mail de confirmation (paiement \u00e0 la commande)\n\n** Note : Le paiement en CB se fera via une interface personnalis\u00e9e et unique \u00e0 l&#8217;acheteur, que je publierai au moment de l&#8217;achat. <\/div><\/div><div id=\"wpforms-13498-field_15-container\" class=\"wpforms-field wpforms-field-textarea\" data-field-id=\"15\"><label class=\"wpforms-field-label\" for=\"wpforms-13498-field_15\">Un message \u00e0 me transmettre ?<\/label><textarea id=\"wpforms-13498-field_15\" class=\"wpforms-field-medium\" name=\"wpforms[fields][15]\" ><\/textarea><div class=\"wpforms-field-description\">D\u00e9dicaces, mentions, etc.<\/div><\/div><div id=\"wpforms-13498-field_14-container\" class=\"wpforms-field wpforms-field-checkbox\" data-field-id=\"14\"><label class=\"wpforms-field-label\">La Lettre de Grafibulle<\/label><ul id=\"wpforms-13498-field_14\"><li class=\"choice-1 depth-1\"><input type=\"checkbox\" id=\"wpforms-13498-field_14_1\" name=\"wpforms[fields][14][]\" value=\"Recevoir du Fun &amp; des Bulles par email : la Lettre de Grafibulle (newsletter utile, ponctuelle et gratuite)\"  ><label class=\"wpforms-field-label-inline\" for=\"wpforms-13498-field_14_1\">Recevoir du Fun &amp; des Bulles par email : la Lettre de Grafibulle (newsletter utile, ponctuelle et gratuite)<\/label><\/li><\/ul><\/div><script>\n\t\t\t\t( function() {\n\t\t\t\t\tconst style = document.createElement( 'style' );\n\t\t\t\t\tstyle.appendChild( document.createTextNode( '#wpforms-13498-field_2-container { position: absolute !important; overflow: hidden !important; display: inline !important; height: 1px !important; width: 1px !important; z-index: -1000 !important; padding: 0 !important; } #wpforms-13498-field_2-container input { visibility: hidden; } #wpforms-conversational-form-page #wpforms-13498-field_2-container label { counter-increment: none; }' ) );\n\t\t\t\t\tdocument.head.appendChild( style );\n\t\t\t\t\tdocument.currentScript?.remove();\n\t\t\t\t} )();\n\t\t\t<\/script><\/div><!-- .wpforms-field-container --><div class=\"wpforms-recaptcha-container wpforms-is-recaptcha wpforms-is-recaptcha-type-v3\" ><input type=\"hidden\" name=\"wpforms[recaptcha]\" value=\"\"><\/div><div class=\"wpforms-submit-container\" ><input type=\"hidden\" name=\"wpforms[id]\" value=\"13498\"><input type=\"hidden\" name=\"page_title\" value=\"\"><input type=\"hidden\" name=\"page_url\" value=\"https:\/\/grafibulle.net\/happy-graphics\/wp-json\/wp\/v2\/pages\/13503\"><input type=\"hidden\" name=\"url_referer\" value=\"\"><button type=\"submit\" name=\"wpforms[submit]\" id=\"wpforms-submit-13498\" class=\"wpforms-submit\" data-alt-text=\"Envoi...\" data-submit-text=\"Envoyer\" aria-live=\"assertive\" value=\"wpforms-submit\">Envoyer<\/button><img loading=\"lazy\" decoding=\"async\" src=\"https:\/\/grafibulle.net\/happy-graphics\/wp-content\/plugins\/wpforms\/assets\/images\/submit-spin.svg\" class=\"wpforms-submit-spinner\" style=\"display: none;\" width=\"26\" height=\"26\" alt=\"Chargement en cours\"><\/div><\/form><\/div>  <!-- .wpforms-container -->","protected":false},"excerpt":{"rendered":"<p>\u00a0 Commandes Directes \u2013 Grafibulle HOP! Voici un petit formulaire tout simple \u00e0 remplir pour prendre contact avec moi directement (il m&#8217;envoie par mail toute votre commande), et choisir votre mode de livraison. Initialement pr\u00e9vu pour mes proches, vous pouvez n\u00e9anmoins l&#8217;utiliser si vous n&#8217;aimez pas payer vos commandes sur les boutiques en ligne comme&hellip;&nbsp;<a href=\"https:\/\/grafibulle.net\/happy-graphics\/ventes-privees-hop\/\" rel=\"bookmark\">Lire la suite &raquo;<span class=\"screen-reader-text\">Commandes Directes \u2013 Grafibulle HOP!<\/span><\/a><\/p>\n","protected":false},"author":1,"featured_media":0,"parent":0,"menu_order":0,"comment_status":"closed","ping_status":"closed","template":"","meta":{"_aioseo_title":"","_aioseo_description":"","_surecart_dashboard_logo_width":"180px","_surecart_dashboard_show_logo":true,"_surecart_dashboard_navigation_orders":true,"_surecart_dashboard_navigation_invoices":true,"_surecart_dashboard_navigation_subscriptions":true,"_surecart_dashboard_navigation_downloads":true,"_surecart_dashboard_navigation_billing":true,"_surecart_dashboard_navigation_account":true,"neve_meta_sidebar":"","neve_meta_container":"","neve_meta_enable_content_width":"","neve_meta_content_width":0,"neve_meta_title_alignment":"","neve_meta_author_avatar":"","neve_post_elements_order":"","neve_meta_disable_header":"","neve_meta_disable_footer":"","neve_meta_disable_title":"","advanced_seo_description":"","jetpack_seo_html_title":"","jetpack_seo_noindex":false,"footnotes":""},"class_list":["post-13503","page","type-page","status-publish"],"jetpack_sharing_enabled":true,"jetpack_shortlink":"https:\/\/wp.me\/P7HfPq-3vN","_links":{"self":[{"href":"https:\/\/grafibulle.net\/happy-graphics\/wp-json\/wp\/v2\/pages\/13503","targetHints":{"allow":["GET"]}}],"collection":[{"href":"https:\/\/grafibulle.net\/happy-graphics\/wp-json\/wp\/v2\/pages"}],"about":[{"href":"https:\/\/grafibulle.net\/happy-graphics\/wp-json\/wp\/v2\/types\/page"}],"author":[{"embeddable":true,"href":"https:\/\/grafibulle.net\/happy-graphics\/wp-json\/wp\/v2\/users\/1"}],"replies":[{"embeddable":true,"href":"https:\/\/grafibulle.net\/happy-graphics\/wp-json\/wp\/v2\/comments?post=13503"}],"version-history":[{"count":20,"href":"https:\/\/grafibulle.net\/happy-graphics\/wp-json\/wp\/v2\/pages\/13503\/revisions"}],"predecessor-version":[{"id":14145,"href":"https:\/\/grafibulle.net\/happy-graphics\/wp-json\/wp\/v2\/pages\/13503\/revisions\/14145"}],"wp:attachment":[{"href":"https:\/\/grafibulle.net\/happy-graphics\/wp-json\/wp\/v2\/media?parent=13503"}],"curies":[{"name":"wp","href":"https:\/\/api.w.org\/{rel}","templated":true}]}}